{"id":2398,"date":"2024-08-29T17:48:57","date_gmt":"2024-08-29T15:48:57","guid":{"rendered":"https:\/\/fomentmolins.cat\/accesibilidad-al-foment\/"},"modified":"2024-08-29T19:59:20","modified_gmt":"2024-08-29T17:59:20","slug":"accesibilidad-al-foment","status":"publish","type":"page","link":"https:\/\/fomentmolins.cat\/es\/accesibilidad-al-foment\/","title":{"rendered":"Accesibilidad al Foment"},"content":{"rendered":"<div class=\"wpb-content-wrapper\">[vc_row full_width=\u00bbstretch_row\u00bb curly_padding=\u00bbcontent-padding-lg\u00bb css=\u00bb.vc_custom_1497613080015{background-color: rgba(242,241,239,0.05) !important;*background-color: rgb(242,241,239) !important;}\u00bb el_id=\u00bbaudience\u00bb][vc_column width=\u00bb1\/2&#8243;][vc_single_image image=\u00bb685&#8243; img_size=\u00bbfull\u00bb style=\u00bbxtd-shadow&#8211;large-normal\u00bb el_class=\u00bbxtd-offset-frame\u00bb][vc_column_text]<strong>Teatro Foment, un escenario de inclusi\u00f3n y accesibilidad para personas con movilidad reducida y dificultades auditivas<\/strong><\/p>\r\n<p>El Teatro Foment, un verdadero templo de las artes esc\u00e9nicas, pone en alto su compromiso con la inclusi\u00f3n y la accesibilidad universal. A lo largo de los a\u00f1os, se ha adaptado progresivamente para garantizar que todos, sin excepci\u00f3n, puedan disfrutar de la riqueza de la cultura y las actuaciones que se presentan en su escenario.<\/p>\r\n<p>La accesibilidad es un elemento fundamental de nuestro teatro, creemos en el derecho de todos a la cultura y al arte, y trabajamos constantemente para eliminar cualquier barrera que pueda impedir que alguien disfrute de la magia del teatro. En el Teatro Foment, todos son bienvenidos.[\/vc_column_text][\/vc_column][vc_column width=\u00bb5\/12&#8243; offset=\u00bbvc_col-sm-offset-1&#8243;][vc_column_text]\r\n<h1 class=\"special-title\" style=\"text-align: left;\">Accesibilidad<\/h1>\r\n[\/vc_column_text][vc_empty_space height=\u00bb\u00bb el_class=\u00bbxtd-spacer\u00bb][vc_message message_box_color=\u00bbblack\u00bb icon_fontawesome=\u00bbfas fa-wheelchair\u00bb]\r\n<h4><span style=\"color: #c8ad8c;\">ACCESOS PARA SILLA DE RUEDAS<\/span><\/h4>\r\n[\/vc_message][vc_column_text]Hoy en d\u00eda, nos enorgullece afirmar que el Teatro Foment est\u00e1 plenamente adaptado para personas con movilidad reducida y usuarios de sillas de ruedas. Todo se ha pensado para proporcionar una experiencia confortable, segura y digna para todos nuestros visitantes.<\/p>\r\n<h4>\u00a0<\/h4>\r\n[\/vc_column_text][vc_message message_box_color=\u00bbblack\u00bb icon_fontawesome=\u00bbfas fa-assistive-listening-systems\u00bb]\r\n<h4><span style=\"color: #c8ad8c;\">SISTEMA DE SONIDO ADAPTADO A PERSONAS CON PROBLEMAS DE AUDICI\u00d3N<\/span><\/h4>\r\n[\/vc_message][vc_empty_space height=\u00bb\u00bb el_class=\u00bbxtd-spacer\u00bb][vc_column_text]Esta soluci\u00f3n permite que los espacios culturales sean accesibles para personas con discapacidad auditiva y tambi\u00e9n la podr\u00e1n utilizar personas usuarias de pr\u00f3tesis auditivas con posici\u00f3n T (bucle magn\u00e9tico) Contaremos con 24 sistemas.<\/p>\r\n<ul>\r\n<li><strong>Bucle magn\u00e9tico individual:<\/strong>\u00a0Este sistema va dirigido a usuarios sin pr\u00f3tesis auditivas o aud\u00edfonos sin posici\u00f3n T.<\/li>\r\n<li><strong>Sonido amplificado con auriculares:\u00a0<\/strong>Este sistema va dirigido a usuarios sin pr\u00f3tesis auditivas o aud\u00edfonos sin posici\u00f3n T.<\/li>\r\n<\/ul>\r\n<h4>\u00a0<\/h4>\r\n[\/vc_column_text][\/vc_column][\/vc_row][vc_row][vc_column][vc_column_text]\r\n<h1 class=\"wp-block-heading\">Accesibilidad al Foment<\/h1>\r\n\r\n<p><strong>En el Foment nos esforzamos para que todos puedan disfrutar de la cultura en las mejores condiciones posibles, independientemente de sus necesidades espec\u00edficas.<\/strong> Trabajamos d\u00eda a d\u00eda para asegurarnos de que nuestro teatro sea un espacio inclusivo y accesible para todos.<\/p>\r\n\r\n<p><strong>Atenci\u00f3n especial para personas con diversidades auditivas<\/strong><\/p>\r\n\r\n<p>Somos conscientes de la importancia de la accesibilidad auditiva para muchos de nuestros espectadores. Por eso, disponemos de un sistema de aud\u00edfonos que permite que las personas con problemas de audici\u00f3n puedan disfrutar de nuestros espect\u00e1culos con la m\u00e1xima calidad. Este sistema se puede utilizar tanto con unos auriculares como conect\u00e1ndolo al bucle magn\u00e9tico o al implante coclear. Si necesitas este servicio, puedes solicitar los aud\u00edfonos en el mostrador de informaci\u00f3n situado en el hall del teatro.<\/p>\r\n\r\n<p><strong>Atenci\u00f3n especial y accesos para personas con movilidad reducida<\/strong><\/p>\r\n\r\n<p>En el Foment, creemos firmemente que el arte y la cultura deben ser accesibles para todos, y por ello hemos adaptado los accesos y ba\u00f1os de nuestro teatro para personas con movilidad reducida. Adem\u00e1s, al comprar tus entradas, puedes seleccionar asientos adaptados directamente en nuestro plano digital, asegur\u00e1ndote as\u00ed una experiencia c\u00f3moda y agradable.<\/p>\r\n\r\n<p><strong>Atenci\u00f3n especial para ni\u00f1os<\/strong><\/p>\r\n\r\n<p>Queremos que los m\u00e1s peque\u00f1os tambi\u00e9n tengan una experiencia inolvidable en nuestro teatro. Por eso, disponemos de cojines elevadores que ayudan a mejorar su visibilidad durante los espect\u00e1culos. Adem\u00e1s, hemos habilitado una zona especial para el cambio de beb\u00e9s, garantizando as\u00ed la comodidad de toda la familia.<\/p>\r\n\r\n<p>Nuestro compromiso es hacer del Foment un lugar donde todos puedan sentirse bienvenidos y disfrutar de la magia del teatro sin ninguna barrera.<\/p>\r\n\r\n<p>\u00a1Os esperamos con los brazos abiertos!<\/p>\r\n[\/vc_column_text][\/vc_column][\/vc_row]<\/div>","protected":false},"excerpt":{"rendered":"<p>[vc_row full_width=\u00bbstretch_row\u00bb curly_padding=\u00bbcontent-padding-lg\u00bb css=\u00bb.vc_custom_1497613080015{background-color: rgba(242,241,239,0.05) !important;*background-color: rgb(242,241,239) !important;}\u00bb el_id=\u00bbaudience\u00bb][vc_column width=\u00bb1\/2&#8243;][vc_single_image image=\u00bb685&#8243; img_size=\u00bbfull\u00bb style=\u00bbxtd-shadow&#8211;large-normal\u00bb el_class=\u00bbxtd-offset-frame\u00bb][vc_column_text]Teatro Foment, un escenario de inclusi\u00f3n y accesibilidad para personas con movilidad reducida y dificultades auditivas El Teatro Foment, un verdadero templo de las artes esc\u00e9nicas, pone en alto su compromiso con la inclusi\u00f3n y la accesibilidad universal. A lo largo de los a\u00f1os, se ha adaptado [&hellip;]<\/p>\n","protected":false},"author":5,"featured_media":0,"parent":0,"menu_order":0,"comment_status":"closed","ping_status":"closed","template":"","meta":{"inline_featured_image":false,"footnotes":""},"class_list":["post-2398","page","type-page","status-publish","hentry"],"yoast_head":"<!-- This site is optimized with the Yoast SEO plugin v27.2 - https:\/\/yoast.com\/product\/yoast-seo-wordpress\/ -->\n<title>Accesibilidad al Foment - Foment Molins Cultural<\/title>\n<meta name=\"robots\" content=\"index, follow, max-snippet:-1, max-image-preview:large, max-video-preview:-1\" \/>\n<link rel=\"canonical\" href=\"https:\/\/fomentmolins.cat\/es\/accesibilidad-al-foment\/\" \/>\n<meta property=\"og:locale\" content=\"es_ES\" \/>\n<meta property=\"og:type\" content=\"article\" \/>\n<meta property=\"og:title\" content=\"Accesibilidad al Foment - Foment Molins Cultural\" \/>\n<meta property=\"og:description\" content=\"[vc_row full_width=\u00bbstretch_row\u00bb curly_padding=\u00bbcontent-padding-lg\u00bb css=\u00bb.vc_custom_1497613080015{background-color: rgba(242,241,239,0.05) !important;*background-color: rgb(242,241,239) !important;}\u00bb el_id=\u00bbaudience\u00bb][vc_column width=\u00bb1\/2&#8243;][vc_single_image image=\u00bb685&#8243; img_size=\u00bbfull\u00bb style=\u00bbxtd-shadow&#8211;large-normal\u00bb el_class=\u00bbxtd-offset-frame\u00bb][vc_column_text]Teatro Foment, un escenario de inclusi\u00f3n y accesibilidad para personas con movilidad reducida y dificultades auditivas El Teatro Foment, un verdadero templo de las artes esc\u00e9nicas, pone en alto su compromiso con la inclusi\u00f3n y la accesibilidad universal. A lo largo de los a\u00f1os, se ha adaptado [&hellip;]\" \/>\n<meta property=\"og:url\" content=\"https:\/\/fomentmolins.cat\/es\/accesibilidad-al-foment\/\" \/>\n<meta property=\"og:site_name\" content=\"Foment Molins Cultural\" \/>\n<meta property=\"article:modified_time\" content=\"2024-08-29T17:59:20+00:00\" \/>\n<meta name=\"twitter:card\" content=\"summary_large_image\" \/>\n<meta name=\"twitter:label1\" content=\"Tiempo de lectura\" \/>\n\t<meta name=\"twitter:data1\" content=\"3 minutos\" \/>\n<script type=\"application\/ld+json\" class=\"yoast-schema-graph\">{\"@context\":\"https:\/\/schema.org\",\"@graph\":[{\"@type\":\"WebPage\",\"@id\":\"https:\/\/fomentmolins.cat\/es\/accesibilidad-al-foment\/\",\"url\":\"https:\/\/fomentmolins.cat\/es\/accesibilidad-al-foment\/\",\"name\":\"Accesibilidad al Foment - Foment Molins Cultural\",\"isPartOf\":{\"@id\":\"https:\/\/fomentmolins.cat\/es\/#website\"},\"datePublished\":\"2024-08-29T15:48:57+00:00\",\"dateModified\":\"2024-08-29T17:59:20+00:00\",\"breadcrumb\":{\"@id\":\"https:\/\/fomentmolins.cat\/es\/accesibilidad-al-foment\/#breadcrumb\"},\"inLanguage\":\"es\",\"potentialAction\":[{\"@type\":\"ReadAction\",\"target\":[\"https:\/\/fomentmolins.cat\/es\/accesibilidad-al-foment\/\"]}]},{\"@type\":\"BreadcrumbList\",\"@id\":\"https:\/\/fomentmolins.cat\/es\/accesibilidad-al-foment\/#breadcrumb\",\"itemListElement\":[{\"@type\":\"ListItem\",\"position\":1,\"name\":\"Portada\",\"item\":\"https:\/\/fomentmolins.cat\/es\/\"},{\"@type\":\"ListItem\",\"position\":2,\"name\":\"Accesibilidad al Foment\"}]},{\"@type\":\"WebSite\",\"@id\":\"https:\/\/fomentmolins.cat\/es\/#website\",\"url\":\"https:\/\/fomentmolins.cat\/es\/\",\"name\":\"Foment Molins Cultural\",\"description\":\"\",\"potentialAction\":[{\"@type\":\"SearchAction\",\"target\":{\"@type\":\"EntryPoint\",\"urlTemplate\":\"https:\/\/fomentmolins.cat\/es\/?s={search_term_string}\"},\"query-input\":{\"@type\":\"PropertyValueSpecification\",\"valueRequired\":true,\"valueName\":\"search_term_string\"}}],\"inLanguage\":\"es\"}]}<\/script>\n<!-- \/ Yoast SEO plugin. -->","yoast_head_json":{"title":"Accesibilidad al Foment - Foment Molins Cultural","robots":{"index":"index","follow":"follow","max-snippet":"max-snippet:-1","max-image-preview":"max-image-preview:large","max-video-preview":"max-video-preview:-1"},"canonical":"https:\/\/fomentmolins.cat\/es\/accesibilidad-al-foment\/","og_locale":"es_ES","og_type":"article","og_title":"Accesibilidad al Foment - Foment Molins Cultural","og_description":"[vc_row full_width=\u00bbstretch_row\u00bb curly_padding=\u00bbcontent-padding-lg\u00bb css=\u00bb.vc_custom_1497613080015{background-color: rgba(242,241,239,0.05) !important;*background-color: rgb(242,241,239) !important;}\u00bb el_id=\u00bbaudience\u00bb][vc_column width=\u00bb1\/2&#8243;][vc_single_image image=\u00bb685&#8243; img_size=\u00bbfull\u00bb style=\u00bbxtd-shadow&#8211;large-normal\u00bb el_class=\u00bbxtd-offset-frame\u00bb][vc_column_text]Teatro Foment, un escenario de inclusi\u00f3n y accesibilidad para personas con movilidad reducida y dificultades auditivas El Teatro Foment, un verdadero templo de las artes esc\u00e9nicas, pone en alto su compromiso con la inclusi\u00f3n y la accesibilidad universal. A lo largo de los a\u00f1os, se ha adaptado [&hellip;]","og_url":"https:\/\/fomentmolins.cat\/es\/accesibilidad-al-foment\/","og_site_name":"Foment Molins Cultural","article_modified_time":"2024-08-29T17:59:20+00:00","twitter_card":"summary_large_image","twitter_misc":{"Tiempo de lectura":"3 minutos"},"schema":{"@context":"https:\/\/schema.org","@graph":[{"@type":"WebPage","@id":"https:\/\/fomentmolins.cat\/es\/accesibilidad-al-foment\/","url":"https:\/\/fomentmolins.cat\/es\/accesibilidad-al-foment\/","name":"Accesibilidad al Foment - Foment Molins Cultural","isPartOf":{"@id":"https:\/\/fomentmolins.cat\/es\/#website"},"datePublished":"2024-08-29T15:48:57+00:00","dateModified":"2024-08-29T17:59:20+00:00","breadcrumb":{"@id":"https:\/\/fomentmolins.cat\/es\/accesibilidad-al-foment\/#breadcrumb"},"inLanguage":"es","potentialAction":[{"@type":"ReadAction","target":["https:\/\/fomentmolins.cat\/es\/accesibilidad-al-foment\/"]}]},{"@type":"BreadcrumbList","@id":"https:\/\/fomentmolins.cat\/es\/accesibilidad-al-foment\/#breadcrumb","itemListElement":[{"@type":"ListItem","position":1,"name":"Portada","item":"https:\/\/fomentmolins.cat\/es\/"},{"@type":"ListItem","position":2,"name":"Accesibilidad al Foment"}]},{"@type":"WebSite","@id":"https:\/\/fomentmolins.cat\/es\/#website","url":"https:\/\/fomentmolins.cat\/es\/","name":"Foment Molins Cultural","description":"","potentialAction":[{"@type":"SearchAction","target":{"@type":"EntryPoint","urlTemplate":"https:\/\/fomentmolins.cat\/es\/?s={search_term_string}"},"query-input":{"@type":"PropertyValueSpecification","valueRequired":true,"valueName":"search_term_string"}}],"inLanguage":"es"}]}},"_links":{"self":[{"href":"https:\/\/fomentmolins.cat\/es\/wp-json\/wp\/v2\/pages\/2398","targetHints":{"allow":["GET"]}}],"collection":[{"href":"https:\/\/fomentmolins.cat\/es\/wp-json\/wp\/v2\/pages"}],"about":[{"href":"https:\/\/fomentmolins.cat\/es\/wp-json\/wp\/v2\/types\/page"}],"author":[{"embeddable":true,"href":"https:\/\/fomentmolins.cat\/es\/wp-json\/wp\/v2\/users\/5"}],"replies":[{"embeddable":true,"href":"https:\/\/fomentmolins.cat\/es\/wp-json\/wp\/v2\/comments?post=2398"}],"version-history":[{"count":4,"href":"https:\/\/fomentmolins.cat\/es\/wp-json\/wp\/v2\/pages\/2398\/revisions"}],"predecessor-version":[{"id":2433,"href":"https:\/\/fomentmolins.cat\/es\/wp-json\/wp\/v2\/pages\/2398\/revisions\/2433"}],"wp:attachment":[{"href":"https:\/\/fomentmolins.cat\/es\/wp-json\/wp\/v2\/media?parent=2398"}],"curies":[{"name":"wp","href":"https:\/\/api.w.org\/{rel}","templated":true}]}}

<div class="wpb-content-wrapper">[vc_row full_width=»stretch_row» curly_padding=»content-padding-lg» css=».vc_custom_1497613080015{background-color: rgba(242,241,239,0.05) !important;*background-color: rgb(242,241,239) !important;}» el_id=»audience»][vc_column width=»1/2&#8243;][vc_single_image image=»685&#8243; img_size=»full» style=»xtd-shadow&#8211;large-normal» el_class=»xtd-offset-frame»][vc_column_text]<strong>Teatro Foment, un escenario de inclusión y accesibilidad para personas con movilidad reducida y dificultades auditivas</strong></p>
<p>El Teatro Foment, un verdadero templo de las artes escénicas, pone en alto su compromiso con la inclusión y la accesibilidad universal. A lo largo de los años, se ha adaptado progresivamente para garantizar que todos, sin excepción, puedan disfrutar de la riqueza de la cultura y las actuaciones que se presentan en su escenario.</p>
<p>La accesibilidad es un elemento fundamental de nuestro teatro, creemos en el derecho de todos a la cultura y al arte, y trabajamos constantemente para eliminar cualquier barrera que pueda impedir que alguien disfrute de la magia del teatro. En el Teatro Foment, todos son bienvenidos.[/vc_column_text][/vc_column][vc_column width=»5/12&#8243; offset=»vc_col-sm-offset-1&#8243;][vc_column_text]
<h1 class="special-title" style="text-align: left;">Accesibilidad</h1>
[/vc_column_text][vc_empty_space height=»» el_class=»xtd-spacer»][vc_message message_box_color=»black» icon_fontawesome=»fas fa-wheelchair»]
<h4><span style="color: #c8ad8c;">ACCESOS PARA SILLA DE RUEDAS</span></h4>
[/vc_message][vc_column_text]Hoy en día, nos enorgullece afirmar que el Teatro Foment está plenamente adaptado para personas con movilidad reducida y usuarios de sillas de ruedas. Todo se ha pensado para proporcionar una experiencia confortable, segura y digna para todos nuestros visitantes.</p>
<h4> </h4>
[/vc_column_text][vc_message message_box_color=»black» icon_fontawesome=»fas fa-assistive-listening-systems»]
<h4><span style="color: #c8ad8c;">SISTEMA DE SONIDO ADAPTADO A PERSONAS CON PROBLEMAS DE AUDICIÓN</span></h4>
[/vc_message][vc_empty_space height=»» el_class=»xtd-spacer»][vc_column_text]Esta solución permite que los espacios culturales sean accesibles para personas con discapacidad auditiva y también la podrán utilizar personas usuarias de prótesis auditivas con posición T (bucle magnético) Contaremos con 24 sistemas.</p>
<ul>
<li><strong>Bucle magnético individual:</strong> Este sistema va dirigido a usuarios sin prótesis auditivas o audífonos sin posición T.</li>
<li><strong>Sonido amplificado con auriculares: </strong>Este sistema va dirigido a usuarios sin prótesis auditivas o audífonos sin posición T.</li>
</ul>
<h4> </h4>
[/vc_column_text][/vc_column][/vc_row][vc_row][vc_column][vc_column_text]
<h1 class="wp-block-heading">Accesibilidad al Foment</h1>

<p><strong>En el Foment nos esforzamos para que todos puedan disfrutar de la cultura en las mejores condiciones posibles, independientemente de sus necesidades específicas.</strong> Trabajamos día a día para asegurarnos de que nuestro teatro sea un espacio inclusivo y accesible para todos.</p>

<p><strong>Atención especial para personas con diversidades auditivas</strong></p>

<p>Somos conscientes de la importancia de la accesibilidad auditiva para muchos de nuestros espectadores. Por eso, disponemos de un sistema de audífonos que permite que las personas con problemas de audición puedan disfrutar de nuestros espectáculos con la máxima calidad. Este sistema se puede utilizar tanto con unos auriculares como conectándolo al bucle magnético o al implante coclear. Si necesitas este servicio, puedes solicitar los audífonos en el mostrador de información situado en el hall del teatro.</p>

<p><strong>Atención especial y accesos para personas con movilidad reducida</strong></p>

<p>En el Foment, creemos firmemente que el arte y la cultura deben ser accesibles para todos, y por ello hemos adaptado los accesos y baños de nuestro teatro para personas con movilidad reducida. Además, al comprar tus entradas, puedes seleccionar asientos adaptados directamente en nuestro plano digital, asegurándote así una experiencia cómoda y agradable.</p>

<p><strong>Atención especial para niños</strong></p>

<p>Queremos que los más pequeños también tengan una experiencia inolvidable en nuestro teatro. Por eso, disponemos de cojines elevadores que ayudan a mejorar su visibilidad durante los espectáculos. Además, hemos habilitado una zona especial para el cambio de bebés, garantizando así la comodidad de toda la familia.</p>

<p>Nuestro compromiso es hacer del Foment un lugar donde todos puedan sentirse bienvenidos y disfrutar de la magia del teatro sin ninguna barrera.</p>

<p>¡Os esperamos con los brazos abiertos!</p>
[/vc_column_text][/vc_column][/vc_row]</div>

<p>[vc_row full_width=»stretch_row» curly_padding=»content-padding-lg» css=».vc_custom_1497613080015{background-color: rgba(242,241,239,0.05) !important;*background-color: rgb(242,241,239) !important;}» el_id=»audience»][vc_column width=»1/2&#8243;][vc_single_image image=»685&#8243; img_size=»full» style=»xtd-shadow&#8211;large-normal» el_class=»xtd-offset-frame»][vc_column_text]Teatro Foment, un escenario de inclusión y accesibilidad para personas con movilidad reducida y dificultades auditivas El Teatro Foment, un verdadero templo de las artes escénicas, pone en alto su compromiso con la inclusión y la accesibilidad universal. A lo largo de los años, se ha adaptado [&hellip;]</p>

<!-- This site is optimized with the Yoast SEO plugin v27.2 - https://yoast.com/product/yoast-seo-wordpress/ -->
<title>Accesibilidad al Foment - Foment Molins Cultural</title>
<meta name="robots" content="index, follow, max-snippet:-1, max-image-preview:large, max-video-preview:-1" />
<link rel="canonical" href="https://fomentmolins.cat/es/accesibilidad-al-foment/" />
<meta property="og:locale" content="es_ES" />
<meta property="og:type" content="article" />
<meta property="og:title" content="Accesibilidad al Foment - Foment Molins Cultural" />
<meta property="og:description" content="[vc_row full_width=»stretch_row» curly_padding=»content-padding-lg» css=».vc_custom_1497613080015{background-color: rgba(242,241,239,0.05) !important;*background-color: rgb(242,241,239) !important;}» el_id=»audience»][vc_column width=»1/2&#8243;][vc_single_image image=»685&#8243; img_size=»full» style=»xtd-shadow&#8211;large-normal» el_class=»xtd-offset-frame»][vc_column_text]Teatro Foment, un escenario de inclusión y accesibilidad para personas con movilidad reducida y dificultades auditivas El Teatro Foment, un verdadero templo de las artes escénicas, pone en alto su compromiso con la inclusión y la accesibilidad universal. A lo largo de los años, se ha adaptado [&hellip;]" />
<meta property="og:url" content="https://fomentmolins.cat/es/accesibilidad-al-foment/" />
<meta property="og:site_name" content="Foment Molins Cultural" />
<meta property="article:modified_time" content="2024-08-29T17:59:20+00:00" />
<meta name="twitter:card" content="summary_large_image" />
<meta name="twitter:label1" content="Tiempo de lectura" />
	<meta name="twitter:data1" content="3 minutos" />
<script type="application/ld+json" class="yoast-schema-graph">{"@context":"https://schema.org","@graph":[{"@type":"WebPage","@id":"https://fomentmolins.cat/es/accesibilidad-al-foment/","url":"https://fomentmolins.cat/es/accesibilidad-al-foment/","name":"Accesibilidad al Foment - Foment Molins Cultural","isPartOf":{"@id":"https://fomentmolins.cat/es/#website"},"datePublished":"2024-08-29T15:48:57+00:00","dateModified":"2024-08-29T17:59:20+00:00","breadcrumb":{"@id":"https://fomentmolins.cat/es/accesibilidad-al-foment/#breadcrumb"},"inLanguage":"es","potentialAction":[{"@type":"ReadAction","target":["https://fomentmolins.cat/es/accesibilidad-al-foment/"]}]},{"@type":"BreadcrumbList","@id":"https://fomentmolins.cat/es/accesibilidad-al-foment/#breadcrumb","itemListElement":[{"@type":"ListItem","position":1,"name":"Portada","item":"https://fomentmolins.cat/es/"},{"@type":"ListItem","position":2,"name":"Accesibilidad al Foment"}]},{"@type":"WebSite","@id":"https://fomentmolins.cat/es/#website","url":"https://fomentmolins.cat/es/","name":"Foment Molins Cultural","description":"","potentialAction":[{"@type":"SearchAction","target":{"@type":"EntryPoint","urlTemplate":"https://fomentmolins.cat/es/?s={search_term_string}"},"query-input":{"@type":"PropertyValueSpecification","valueRequired":true,"valueName":"search_term_string"}}],"inLanguage":"es"}]}</script>
<!-- / Yoast SEO plugin. -->

[vc_row full_width=»stretch_row» curly_padding=»content-padding-lg» css=».vc_custom_1497613080015{background-color: rgba(242,241,239,0.05) !important;*background-color: rgb(242,241,239) !important;}» el_id=»audience»][vc_column width=»1/2&#8243;][vc_single_image image=»685&#8243; img_size=»full» style=»xtd-shadow&#8211;large-normal» el_class=»xtd-offset-frame»][vc_column_text]Teatro Foment, un escenario de inclusión y accesibilidad para personas con movilidad reducida y dificultades auditivas El Teatro Foment, un verdadero templo de las artes escénicas, pone en alto su compromiso con la inclusión y la accesibilidad universal. A lo largo de los años, se ha adaptado [&hellip;]
