{"id":413,"date":"2023-07-02T17:56:17","date_gmt":"2023-07-02T15:56:17","guid":{"rendered":"https:\/\/fomentmolins.cat\/wordpress\/?page_id=413"},"modified":"2023-07-09T11:26:51","modified_gmt":"2023-07-09T09:26:51","slug":"politica-de-privacidad","status":"publish","type":"page","link":"https:\/\/fomentmolins.cat\/es\/politica-de-privacidad\/","title":{"rendered":"Pol\u00edtica de privacidad"},"content":{"rendered":"\n<p><strong>INFORMACI\u00d3N AL USUARIO <\/strong><\/p>\n\n\n\n<p>Fomentmolins, Foment Cultural i Art\u00edstic de Molins de Rei, a partir de ahora RESPONSABLE, es el Responsable del tratamiento de los datos personales del Usuario e informa que estos datos ser\u00e1n tratados de acuerdo con lo que dispone el Reglamento (UE) 2016\/679 del 27 de abril de 2016 (GDPR) relativo a la protecci\u00f3n de las personas f\u00edsicas en cuanto al tratamiento de datos personales y a la libre circulaci\u00f3n de estos datos, por lo que se facilita la siguiente informaci\u00f3n del tratamiento:<\/p>\n\n\n\n<p><strong>Finalidad del tratamiento: mantener una relaci\u00f3n comercial con el usuario. Las operaciones previstas para realizar el tratamiento son:<\/strong><\/p>\n\n\n\n<p>Env\u00edo de comunicaciones comerciales publicitarias por correo electr\u00f3nico, SMS, MMS, redes sociales o cualquier otro medio electr\u00f3nico o f\u00edsico, presente o futuro, que posibilite realizar comunicaciones comerciales. Estas comunicaciones ser\u00e1n realizadas por el RESPONSABLE y relacionadas con sus productos y servicios, o de sus colaboradores o proveedores con los que este haya alcanzado alg\u00fan acuerdo de promoci\u00f3n. En este caso, los terceros nunca tendr\u00e1n acceso a los datos personales.<\/p>\n\n\n\n<p><strong>Realizar estudios estad\u00edsticos.<\/strong><\/p>\n\n\n\n<p>Tramitar pedidos, solicitudes o cualquier tipo de petici\u00f3n que sea realizada por el usuario a trav\u00e9s de cualquiera de las formas de contacto que se ponen a su disposici\u00f3n.<\/p>\n\n\n\n<p>Enviar el bolet\u00edn de noticias de la p\u00e1gina web.<\/p>\n\n\n\n<p>Base jur\u00eddica del tratamiento: consentimiento del interesado.<\/p>\n\n\n\n<p><strong>Criterios de conservaci\u00f3n de los datos<\/strong>: se conservar\u00e1n mientras haya un inter\u00e9s mutuo para mantener el fin del tratamiento y cuando ya no sea necesario para este fin, se eliminar\u00e1n con medidas de seguridad adecuadas para garantizar la pseudonimizaci\u00f3n de los datos o la destrucci\u00f3n total de los mismos.<\/p>\n\n\n\n<p>Comunicaci\u00f3n de los datos: No se comunicar\u00e1n los datos a terceros, excepto obligaci\u00f3n legal.<\/p>\n\n\n\n<p><strong>Derechos que asisten al Usuario:<\/strong><\/p>\n\n\n\n<p>Derecho a retirar el consentimiento en cualquier momento. Derecho de acceso, rectificaci\u00f3n, portabilidad y supresi\u00f3n de sus datos y a la limitaci\u00f3n u oposici\u00f3n a su tratamiento. Derecho a presentar una reclamaci\u00f3n ante la autoridad de control (agpd.es) si considera que el tratamiento no se ajusta a la normativa vigente. Datos de contacto para ejercer sus derechos:<\/p>\n\n\n\n<p>Direcci\u00f3n postal: Paseo del Terrapl\u00e9n, 49, 08750 Molins de Rei, Barcelona, Tel: 93 668 10 95, Email: <a href=\"mailto:foment@fomentmolins.cat\">foment@fomentmolins.cat<\/a><\/p>\n\n\n\n<p><strong>CAR\u00c1CTER OBLIGATORIO O FACULTATIVO DE LA INFORMACI\u00d3N FACILITADA POR EL USUARIO<\/strong><\/p>\n\n\n\n<p>Los Usuarios, mediante la marcaci\u00f3n de las casillas correspondientes y entrada de datos en los campos, marcados con un asterisco (*) en el formulario de contacto o presentados en formularios de descarga, aceptan expresamente y de forma libre e inequ\u00edvoca, que sus datos son necesarios para atender su petici\u00f3n, por parte del prestador, y es voluntaria la inclusi\u00f3n de datos en los campos restantes. El Usuario garantiza que los datos personales facilitados al RESPONSABLE son veraces y se hace responsable de comunicar cualquier modificaci\u00f3n. <\/p>\n\n\n\n<p>El RESPONSABLE informa y garantiza expresamente a los usuarios que sus datos personales no ser\u00e1n cedidos en ning\u00fan caso a terceros, y que siempre que realizara alg\u00fan tipo de cesi\u00f3n de datos personales, se pedir\u00e1 previamente el consentimiento expreso, informado e inequ\u00edvoco por parte de los usuarios. Todos los datos solicitados a trav\u00e9s del sitio web son obligatorios, ya que son necesarios para la prestaci\u00f3n de un servicio \u00f3ptimo al usuario. En caso de que no sean facilitados todos los datos, no se garantiza que la informaci\u00f3n y los servicios facilitados sean completamente ajustados a sus necesidades.<\/p>\n\n\n\n<p><strong>MEDIDAS DE SEGURIDAD <\/strong><\/p>\n\n\n\n<p>Que de acuerdo con lo que disponen las normativas vigentes en protecci\u00f3n de datos personales, el RESPONSABLE est\u00e1 cumpliendo con todas las disposiciones de las normativas GDPR para el tratamiento de los datos personales de su responsabilidad, y manifiestamente con los principios descritos en el art\u00edculo 5 del GDPR, por los cuales son tratados de manera l\u00edcita, leal y transparente en relaci\u00f3n con el interesado y adecuados, pertinentes y limitados a lo necesario en relaci\u00f3n con los fines para los que son tratados. <\/p>\n\n\n\n<p>El RESPONSABLE garantiza que ha implementado pol\u00edticas t\u00e9cnicas y organizativas apropiadas para aplicar las medidas de seguridad que establece el GDPR con el fin de proteger los derechos y las libertades de los Usuarios y les ha comunicado la informaci\u00f3n adecuada para que puedan ejercerlos.<\/p>\n\n\n\n<p><\/p>\n\n\n\n<p><\/p>\n","protected":false},"excerpt":{"rendered":"<p>INFORMACI\u00d3N AL USUARIO Fomentmolins, Foment Cultural i Art\u00edstic de Molins de Rei, a partir de ahora RESPONSABLE, es el Responsable del tratamiento de los datos personales del Usuario e informa que estos datos ser\u00e1n tratados de acuerdo con lo que dispone el Reglamento (UE) 2016\/679 del 27 de abril de 2016 (GDPR) relativo a la protecci\u00f3n de las personas f\u00edsicas [&hellip;]<\/p>\n","protected":false},"author":1,"featured_media":0,"parent":0,"menu_order":0,"comment_status":"closed","ping_status":"closed","template":"","meta":{"inline_featured_image":false,"footnotes":""},"class_list":["post-413","page","type-page","status-publish","hentry"],"yoast_head":"<!-- This site is optimized with the Yoast SEO plugin v27.2 - https:\/\/yoast.com\/product\/yoast-seo-wordpress\/ -->\n<title>Pol\u00edtica de privacidad - Foment Molins Cultural<\/title>\n<meta name=\"robots\" content=\"index, follow, max-snippet:-1, max-image-preview:large, max-video-preview:-1\" \/>\n<link rel=\"canonical\" href=\"https:\/\/fomentmolins.cat\/es\/politica-de-privacidad\/\" \/>\n<meta property=\"og:locale\" content=\"es_ES\" \/>\n<meta property=\"og:type\" content=\"article\" \/>\n<meta property=\"og:title\" content=\"Pol\u00edtica de privacidad - Foment Molins Cultural\" \/>\n<meta property=\"og:description\" content=\"INFORMACI\u00d3N AL USUARIO Fomentmolins, Foment Cultural i Art\u00edstic de Molins de Rei, a partir de ahora RESPONSABLE, es el Responsable del tratamiento de los datos personales del Usuario e informa que estos datos ser\u00e1n tratados de acuerdo con lo que dispone el Reglamento (UE) 2016\/679 del 27 de abril de 2016 (GDPR) relativo a la protecci\u00f3n de las personas f\u00edsicas [&hellip;]\" \/>\n<meta property=\"og:url\" content=\"https:\/\/fomentmolins.cat\/es\/politica-de-privacidad\/\" \/>\n<meta property=\"og:site_name\" content=\"Foment Molins Cultural\" \/>\n<meta property=\"article:modified_time\" content=\"2023-07-09T09:26:51+00:00\" \/>\n<meta name=\"twitter:card\" content=\"summary_large_image\" \/>\n<meta name=\"twitter:label1\" content=\"Tiempo de lectura\" \/>\n\t<meta name=\"twitter:data1\" content=\"4 minutos\" \/>\n<script type=\"application\/ld+json\" class=\"yoast-schema-graph\">{\"@context\":\"https:\/\/schema.org\",\"@graph\":[{\"@type\":\"WebPage\",\"@id\":\"https:\/\/fomentmolins.cat\/es\/politica-de-privacidad\/\",\"url\":\"https:\/\/fomentmolins.cat\/es\/politica-de-privacidad\/\",\"name\":\"Pol\u00edtica de privacidad - Foment Molins Cultural\",\"isPartOf\":{\"@id\":\"https:\/\/fomentmolins.cat\/es\/#website\"},\"datePublished\":\"2023-07-02T15:56:17+00:00\",\"dateModified\":\"2023-07-09T09:26:51+00:00\",\"breadcrumb\":{\"@id\":\"https:\/\/fomentmolins.cat\/es\/politica-de-privacidad\/#breadcrumb\"},\"inLanguage\":\"es\",\"potentialAction\":[{\"@type\":\"ReadAction\",\"target\":[\"https:\/\/fomentmolins.cat\/es\/politica-de-privacidad\/\"]}]},{\"@type\":\"BreadcrumbList\",\"@id\":\"https:\/\/fomentmolins.cat\/es\/politica-de-privacidad\/#breadcrumb\",\"itemListElement\":[{\"@type\":\"ListItem\",\"position\":1,\"name\":\"Portada\",\"item\":\"https:\/\/fomentmolins.cat\/es\/\"},{\"@type\":\"ListItem\",\"position\":2,\"name\":\"Pol\u00edtica de privacidad\"}]},{\"@type\":\"WebSite\",\"@id\":\"https:\/\/fomentmolins.cat\/es\/#website\",\"url\":\"https:\/\/fomentmolins.cat\/es\/\",\"name\":\"Foment Molins Cultural\",\"description\":\"\",\"potentialAction\":[{\"@type\":\"SearchAction\",\"target\":{\"@type\":\"EntryPoint\",\"urlTemplate\":\"https:\/\/fomentmolins.cat\/es\/?s={search_term_string}\"},\"query-input\":{\"@type\":\"PropertyValueSpecification\",\"valueRequired\":true,\"valueName\":\"search_term_string\"}}],\"inLanguage\":\"es\"}]}<\/script>\n<!-- \/ Yoast SEO plugin. -->","yoast_head_json":{"title":"Pol\u00edtica de privacidad - Foment Molins Cultural","robots":{"index":"index","follow":"follow","max-snippet":"max-snippet:-1","max-image-preview":"max-image-preview:large","max-video-preview":"max-video-preview:-1"},"canonical":"https:\/\/fomentmolins.cat\/es\/politica-de-privacidad\/","og_locale":"es_ES","og_type":"article","og_title":"Pol\u00edtica de privacidad - Foment Molins Cultural","og_description":"INFORMACI\u00d3N AL USUARIO Fomentmolins, Foment Cultural i Art\u00edstic de Molins de Rei, a partir de ahora RESPONSABLE, es el Responsable del tratamiento de los datos personales del Usuario e informa que estos datos ser\u00e1n tratados de acuerdo con lo que dispone el Reglamento (UE) 2016\/679 del 27 de abril de 2016 (GDPR) relativo a la protecci\u00f3n de las personas f\u00edsicas [&hellip;]","og_url":"https:\/\/fomentmolins.cat\/es\/politica-de-privacidad\/","og_site_name":"Foment Molins Cultural","article_modified_time":"2023-07-09T09:26:51+00:00","twitter_card":"summary_large_image","twitter_misc":{"Tiempo de lectura":"4 minutos"},"schema":{"@context":"https:\/\/schema.org","@graph":[{"@type":"WebPage","@id":"https:\/\/fomentmolins.cat\/es\/politica-de-privacidad\/","url":"https:\/\/fomentmolins.cat\/es\/politica-de-privacidad\/","name":"Pol\u00edtica de privacidad - Foment Molins Cultural","isPartOf":{"@id":"https:\/\/fomentmolins.cat\/es\/#website"},"datePublished":"2023-07-02T15:56:17+00:00","dateModified":"2023-07-09T09:26:51+00:00","breadcrumb":{"@id":"https:\/\/fomentmolins.cat\/es\/politica-de-privacidad\/#breadcrumb"},"inLanguage":"es","potentialAction":[{"@type":"ReadAction","target":["https:\/\/fomentmolins.cat\/es\/politica-de-privacidad\/"]}]},{"@type":"BreadcrumbList","@id":"https:\/\/fomentmolins.cat\/es\/politica-de-privacidad\/#breadcrumb","itemListElement":[{"@type":"ListItem","position":1,"name":"Portada","item":"https:\/\/fomentmolins.cat\/es\/"},{"@type":"ListItem","position":2,"name":"Pol\u00edtica de privacidad"}]},{"@type":"WebSite","@id":"https:\/\/fomentmolins.cat\/es\/#website","url":"https:\/\/fomentmolins.cat\/es\/","name":"Foment Molins Cultural","description":"","potentialAction":[{"@type":"SearchAction","target":{"@type":"EntryPoint","urlTemplate":"https:\/\/fomentmolins.cat\/es\/?s={search_term_string}"},"query-input":{"@type":"PropertyValueSpecification","valueRequired":true,"valueName":"search_term_string"}}],"inLanguage":"es"}]}},"_links":{"self":[{"href":"https:\/\/fomentmolins.cat\/es\/wp-json\/wp\/v2\/pages\/413","targetHints":{"allow":["GET"]}}],"collection":[{"href":"https:\/\/fomentmolins.cat\/es\/wp-json\/wp\/v2\/pages"}],"about":[{"href":"https:\/\/fomentmolins.cat\/es\/wp-json\/wp\/v2\/types\/page"}],"author":[{"embeddable":true,"href":"https:\/\/fomentmolins.cat\/es\/wp-json\/wp\/v2\/users\/1"}],"replies":[{"embeddable":true,"href":"https:\/\/fomentmolins.cat\/es\/wp-json\/wp\/v2\/comments?post=413"}],"version-history":[{"count":2,"href":"https:\/\/fomentmolins.cat\/es\/wp-json\/wp\/v2\/pages\/413\/revisions"}],"predecessor-version":[{"id":607,"href":"https:\/\/fomentmolins.cat\/es\/wp-json\/wp\/v2\/pages\/413\/revisions\/607"}],"wp:attachment":[{"href":"https:\/\/fomentmolins.cat\/es\/wp-json\/wp\/v2\/media?parent=413"}],"curies":[{"name":"wp","href":"https:\/\/api.w.org\/{rel}","templated":true}]}}

Política de privacidad

<p><strong>INFORMACIÓN AL USUARIO </strong></p>



<p>Fomentmolins, Foment Cultural i Artístic de Molins de Rei, a partir de ahora RESPONSABLE, es el Responsable del tratamiento de los datos personales del Usuario e informa que estos datos serán tratados de acuerdo con lo que dispone el Reglamento (UE) 2016/679 del 27 de abril de 2016 (GDPR) relativo a la protección de las personas físicas en cuanto al tratamiento de datos personales y a la libre circulación de estos datos, por lo que se facilita la siguiente información del tratamiento:</p>



<p><strong>Finalidad del tratamiento: mantener una relación comercial con el usuario. Las operaciones previstas para realizar el tratamiento son:</strong></p>



<p>Envío de comunicaciones comerciales publicitarias por correo electrónico, SMS, MMS, redes sociales o cualquier otro medio electrónico o físico, presente o futuro, que posibilite realizar comunicaciones comerciales. Estas comunicaciones serán realizadas por el RESPONSABLE y relacionadas con sus productos y servicios, o de sus colaboradores o proveedores con los que este haya alcanzado algún acuerdo de promoción. En este caso, los terceros nunca tendrán acceso a los datos personales.</p>



<p><strong>Realizar estudios estadísticos.</strong></p>



<p>Tramitar pedidos, solicitudes o cualquier tipo de petición que sea realizada por el usuario a través de cualquiera de las formas de contacto que se ponen a su disposición.</p>



<p>Enviar el boletín de noticias de la página web.</p>



<p>Base jurídica del tratamiento: consentimiento del interesado.</p>



<p><strong>Criterios de conservación de los datos</strong>: se conservarán mientras haya un interés mutuo para mantener el fin del tratamiento y cuando ya no sea necesario para este fin, se eliminarán con medidas de seguridad adecuadas para garantizar la pseudonimización de los datos o la destrucción total de los mismos.</p>



<p>Comunicación de los datos: No se comunicarán los datos a terceros, excepto obligación legal.</p>



<p><strong>Derechos que asisten al Usuario:</strong></p>



<p>Derecho a retirar el consentimiento en cualquier momento. Derecho de acceso, rectificación, portabilidad y supresión de sus datos y a la limitación u oposición a su tratamiento. Derecho a presentar una reclamación ante la autoridad de control (agpd.es) si considera que el tratamiento no se ajusta a la normativa vigente. Datos de contacto para ejercer sus derechos:</p>



<p>Dirección postal: Paseo del Terraplén, 49, 08750 Molins de Rei, Barcelona, Tel: 93 668 10 95, Email: <a href="mailto:foment@fomentmolins.cat">foment@fomentmolins.cat</a></p>



<p><strong>CARÁCTER OBLIGATORIO O FACULTATIVO DE LA INFORMACIÓN FACILITADA POR EL USUARIO</strong></p>



<p>Los Usuarios, mediante la marcación de las casillas correspondientes y entrada de datos en los campos, marcados con un asterisco (*) en el formulario de contacto o presentados en formularios de descarga, aceptan expresamente y de forma libre e inequívoca, que sus datos son necesarios para atender su petición, por parte del prestador, y es voluntaria la inclusión de datos en los campos restantes. El Usuario garantiza que los datos personales facilitados al RESPONSABLE son veraces y se hace responsable de comunicar cualquier modificación. </p>



<p>El RESPONSABLE informa y garantiza expresamente a los usuarios que sus datos personales no serán cedidos en ningún caso a terceros, y que siempre que realizara algún tipo de cesión de datos personales, se pedirá previamente el consentimiento expreso, informado e inequívoco por parte de los usuarios. Todos los datos solicitados a través del sitio web son obligatorios, ya que son necesarios para la prestación de un servicio óptimo al usuario. En caso de que no sean facilitados todos los datos, no se garantiza que la información y los servicios facilitados sean completamente ajustados a sus necesidades.</p>



<p><strong>MEDIDAS DE SEGURIDAD </strong></p>



<p>Que de acuerdo con lo que disponen las normativas vigentes en protección de datos personales, el RESPONSABLE está cumpliendo con todas las disposiciones de las normativas GDPR para el tratamiento de los datos personales de su responsabilidad, y manifiestamente con los principios descritos en el artículo 5 del GDPR, por los cuales son tratados de manera lícita, leal y transparente en relación con el interesado y adecuados, pertinentes y limitados a lo necesario en relación con los fines para los que son tratados. </p>



<p>El RESPONSABLE garantiza que ha implementado políticas técnicas y organizativas apropiadas para aplicar las medidas de seguridad que establece el GDPR con el fin de proteger los derechos y las libertades de los Usuarios y les ha comunicado la información adecuada para que puedan ejercerlos.</p>



<p></p>



<p></p>

<p>INFORMACIÓN AL USUARIO Fomentmolins, Foment Cultural i Artístic de Molins de Rei, a partir de ahora RESPONSABLE, es el Responsable del tratamiento de los datos personales del Usuario e informa que estos datos serán tratados de acuerdo con lo que dispone el Reglamento (UE) 2016/679 del 27 de abril de 2016 (GDPR) relativo a la protección de las personas físicas [&hellip;]</p>

<!-- This site is optimized with the Yoast SEO plugin v27.2 - https://yoast.com/product/yoast-seo-wordpress/ -->
<title>Política de privacidad - Foment Molins Cultural</title>
<meta name="robots" content="index, follow, max-snippet:-1, max-image-preview:large, max-video-preview:-1" />
<link rel="canonical" href="https://fomentmolins.cat/es/politica-de-privacidad/" />
<meta property="og:locale" content="es_ES" />
<meta property="og:type" content="article" />
<meta property="og:title" content="Política de privacidad - Foment Molins Cultural" />
<meta property="og:description" content="INFORMACIÓN AL USUARIO Fomentmolins, Foment Cultural i Artístic de Molins de Rei, a partir de ahora RESPONSABLE, es el Responsable del tratamiento de los datos personales del Usuario e informa que estos datos serán tratados de acuerdo con lo que dispone el Reglamento (UE) 2016/679 del 27 de abril de 2016 (GDPR) relativo a la protección de las personas físicas [&hellip;]" />
<meta property="og:url" content="https://fomentmolins.cat/es/politica-de-privacidad/" />
<meta property="og:site_name" content="Foment Molins Cultural" />
<meta property="article:modified_time" content="2023-07-09T09:26:51+00:00" />
<meta name="twitter:card" content="summary_large_image" />
<meta name="twitter:label1" content="Tiempo de lectura" />
	<meta name="twitter:data1" content="4 minutos" />
<script type="application/ld+json" class="yoast-schema-graph">{"@context":"https://schema.org","@graph":[{"@type":"WebPage","@id":"https://fomentmolins.cat/es/politica-de-privacidad/","url":"https://fomentmolins.cat/es/politica-de-privacidad/","name":"Política de privacidad - Foment Molins Cultural","isPartOf":{"@id":"https://fomentmolins.cat/es/#website"},"datePublished":"2023-07-02T15:56:17+00:00","dateModified":"2023-07-09T09:26:51+00:00","breadcrumb":{"@id":"https://fomentmolins.cat/es/politica-de-privacidad/#breadcrumb"},"inLanguage":"es","potentialAction":[{"@type":"ReadAction","target":["https://fomentmolins.cat/es/politica-de-privacidad/"]}]},{"@type":"BreadcrumbList","@id":"https://fomentmolins.cat/es/politica-de-privacidad/#breadcrumb","itemListElement":[{"@type":"ListItem","position":1,"name":"Portada","item":"https://fomentmolins.cat/es/"},{"@type":"ListItem","position":2,"name":"Política de privacidad"}]},{"@type":"WebSite","@id":"https://fomentmolins.cat/es/#website","url":"https://fomentmolins.cat/es/","name":"Foment Molins Cultural","description":"","potentialAction":[{"@type":"SearchAction","target":{"@type":"EntryPoint","urlTemplate":"https://fomentmolins.cat/es/?s={search_term_string}"},"query-input":{"@type":"PropertyValueSpecification","valueRequired":true,"valueName":"search_term_string"}}],"inLanguage":"es"}]}</script>
<!-- / Yoast SEO plugin. -->

Política de privacidad - Foment Molins Cultural

INFORMACIÓN AL USUARIO Fomentmolins, Foment Cultural i Artístic de Molins de Rei, a partir de ahora RESPONSABLE, es el Responsable del tratamiento de los datos personales del Usuario e informa que estos datos serán tratados de acuerdo con lo que dispone el Reglamento (UE) 2016/679 del 27 de abril de 2016 (GDPR) relativo a la protección de las personas físicas [&hellip;]
